q**3/2 - 12*q**2 - 41*q - 1. List the prime factors of p(-10).
2, 7, 89
Let c(k) = 4*k**2 + 6*k - 75. Let d be c(-39). Suppose -d = 20*w - 53*w. List the prime factors of w.
5, 7
Let s = -10203 + 15358. List the prime factors of s.
5, 1031
Let v be 3/(-3 + (-32)/(-12)). Let g be -1*((-24)/18)/((-2)/(-3)). List the prime factors of 1226/9 + g/v.
2, 17
Suppose 5049 = 20*r - 3711. Let b = -27 - -30. Suppose b*f + 60 = r. What are the prime factors of f?
2, 3, 7
Let z = -5 + 5. Let v(y) = 2*y**2 + 21*y - 31. Let r be v(-12). Suppose 0 = 4*u - 0*b - r*b - 207, z = -5*u - 5*b + 225. What are the prime factors of u?
2, 3
Suppose 0 = 3*l - 9*r - 18399, 8*l - 6*l - 12250 = 2*r. List the prime factors of l.
6121
Suppose 0 = -74*v + 62*v + 198108. What are the prime factors of v?
3, 5503
What are the prime factors of (-1537261)/(-110) + (-6)/60?
5, 13, 43
Let l(c) = -15 + 14 - 5*c + 7 + 2. Let p be l(-16). Suppose -5*d + 92 = -p. List the prime factors of d.
2, 3
Suppose 0*c - 3*c + 69 = 3*v, 2*v - c - 49 = 0. Let r be (-14)/8*v/(-6). Suppose 5*q = 2*h + 1530, -3*q + r*h - 4*h = -909. List the prime factors of q.
2, 7, 11
Let q = -28 - -38. Let l be -3 + q - (3 - 0). List the prime factors of 55 - (-2 + l + -3).
2, 7
Let c = 68687 - -4951. List the prime factors of c.
2, 3, 4091
Let b = 209 + -206. Suppose -m = v + v - 440, 0 = 3*m + b*v - 1326. List the prime factors of m.
2, 3, 37
Let o(m) = 100*m**3 - m + 1. Let k be o(1). Suppose 0 = k*h - 97*h - 138. What are the prime factors of h?
2, 23
Let u = -34 - -118. Let t = 120 + u. What are the prime factors of t?
2, 3, 17
Let u(v) be the first derivative of -v**2/2 + 19*v + 6. Let m be u(-9). Suppose -23*g = -m*g + 435. What are the prime factors of g?
3, 29
Let i be -196*((-4)/80 + 3/(-15)). Let c = i - 88. Let b = c - -111. List the prime factors of b.
2, 3
Suppose 4653 = -4*t - 5*w, -5*t + w = -435 + 6244. Let q = t - -2007. What are the prime factors of q?
5, 13
Suppose 0*x - 3*u = -5*x - 836, 2*x - 3*u + 338 = 0. Let h = -850 - -530. Let w = x - h. List the prime factors of w.
2, 7, 11
Let o = -10821 + 17405. What are the prime factors of o?
2, 823
Let h(w) = 212*w - 73. Let z be h(12). Let p = z - 1758. What are the prime factors of p?
23, 31
Let j = 100 - 93. What are the prime factors of -3 - j/(14/(-648))?
3, 107
Let j(m) = -20*m**2 + 3*m - 6. Let l be j(-3). Let y = l - -472. Suppose 3*o = 137 + y. List the prime factors of o.
2, 3, 23
Suppose -7*l = -2*l - 4*l. Suppose l = -9*w - w + 30. Suppose 0 = -w*c - c - 4, -o - c + 8 = 0. List the prime factors of o.
3
Let q(v) = 229*v**3 + v**2 - 44*v + 146. What are the prime factors of q(4)?
2, 7321
Let u(t) = -t**2 + 3*t + 1. Let r be u(3). What are the prime factors of ((-156)/(-130))/(r/285)?
2, 3, 19
Suppose -71*l + 185*l - 94*l = 1248160. What are the prime factors of l?
2, 29, 269
Let o(l) = -6477*l - 3689. What are the prime factors of o(-4)?
17, 1307
Suppose 4 = 2*v - 5*k, -5*v + 0*v + 10 = -k. Let n = v - 2. Suppose d + 3*d - 484 = -4*f, -2*d + 3*f + 257 = n. List the prime factors of d.
2, 31
Let k = -16037 + 29279. List the prime factors of k.
2, 3, 2207
Suppose -7*y + 9363 = -9509. Suppose -5*n - 3*n = -y. List the prime factors of n.
337
Let d(u) = -u**3 + 6*u**2 + 6*u + 22. Let m be d(7). Suppose m*x - 8 = 11*x. Suppose -w - x*w + 450 = -c, 5*c = -5*w + 770. List the prime factors of w.
151
Let x be ((168/(-16))/7)/((-3)/8). Suppose x*k + s = -379, 5*k = 5*s - 384 - 96. Let t = 104 + k. List the prime factors of t.
3
Suppose 233904 = -12*c + 60*c. List the prime factors of c.
11, 443
Suppose -3822300 = -124*y - 2095291 + 5987651. What are the prime factors of y?
5, 23, 541
Let j = -5716 - -10847. Suppose -10*s = -j - 5579. Suppose s = 7*c + 238. What are the prime factors of c?
7, 17
Suppose 1096 = -16*i - 760. Let h = i + 127. List the prime factors of h.
11
Suppose -21 = -s + 5*v, 4*v - 2*v = s - 30. Suppose 2*y - 3*b = b - s, 0 = 2*y - 5*b + 38. What are the prime factors of (0 - -43) + 12 + y?
41
Let u = 29 - 29. Suppose u = 5*g - 1671 - 1334. Suppose -m - 5*z + 125 = 0, 0*z - g = -5*m - z. What are the prime factors of m?
2, 3, 5
Let y(r) = r**2 + 28*r + 219. Let x be y(-10). Let m = 1224 + -720. Suppose -x*z + 35*z = -m. What are the prime factors of z?
2, 3, 7
Suppose 35*o + 2 = 142. Suppose 2*g + o = 0, -3*g - 260 = -2*k - g. What are the prime factors of k?
2
What are the prime factors of (32 + -4283)/(2 + -7 + 4)?
3, 13, 109
Suppose -x = -13*x + 288. Suppose -x = -4*h - 4*g, -4*g + 1 = -h - 3. Suppose -144 = 3*j - h*j + w, 3*j + w - 432 = 0. What are the prime factors of j?
2, 3
Suppose -8 = 4*h, -3*p + 6*p + 4*h + 5 = 0. What are the prime factors of (p + (-1115)/7)/((-8)/28)?
2, 277
Let s be 130/15 + (-4)/6 + 1. Suppose -6*g - 3*r + 2 = -g, s = 5*g - 4*r. List the prime factors of g + 3 + 2 + 1.
7
Let i(t) = 6*t**2 + 458*t - 13. What are the prime factors of i(-90)?
53, 139
Suppose 0 = -2*o + 3*g + 2157, -460 = -5*o - 4*g + 4875. What are the prime factors of o?
3, 7, 17
Suppose -2*y - 2*y = 2*u, -y + 18 = 5*u. Let o(x) = -x + 2. Let s be o(y). Suppose 0 = -3*l + 5*l + s*a - 76, 5*a = 5. List the prime factors of l.
2, 3
Let r be (-4 + (-5 - -10))/((-2)/66). List the prime factors of (-24155)/(-55) - (-6)/r.
439
Suppose 4*o = -2*i - 18, -3*o - 4*i - 4 - 2 = 0. Let q(z) = -3*z**3 - 13*z**2 - z + 10. What are the prime factors of q(o)?
2, 7
Let i(y) = -538*y - 565. List the prime factors of i(-7).
3, 11, 97
Suppose -5*v - 8719 = -7*b - 36072, 5*b = 30. What are the prime factors of v?
5479
Suppose -106*a = -226*a - 113*a + 3948884. List the prime factors of a.
2, 19, 223
Let h = 52699 + -29612. List the prime factors of h.
23087
Suppose -3*y - 86328 = -36*y. List the prime factors of y.
2, 3, 109
List the prime factors of (385 - -505)*-11*(-7)/1.
2, 5, 7, 11, 89
Let h = -8739 - -63434. What are the prime factors of h?
5, 10939
Suppose -42*d - 39*d + 69*d = -98988. What are the prime factors of d?
73, 113
Let s(l) = 937*l - 1393. What are the prime factors of s(22)?
3, 43, 149
Suppose -1882 + 17658 = 8*t. Let c = -1247 + t. What are the prime factors of c?
5, 29
Let s = -10761 + 17245. What are the prime factors of s?
2, 1621
Suppose 4*y = -14*y + 22428. Let t = y + -547. What are the prime factors of t?
3, 233
Let k(x) = -132*x**3 + 3*x**2 - 2*x. Let s be k(1). List the prime factors of (1 - s) + 77 + -75.
2, 67
Let c be 1360/45 - (4/9)/2. Suppose 10*h = 700 + c. Suppose 4*y - 292 = 3*u - 6*u, -y + 5*u + h = 0. List the prime factors of y.
73
Let l = -137 - -291. Suppose 4*i + 965 = -5*t, 3*t + 428 = -3*i - l. Let h = t - -300. List the prime factors of h.
3, 37
Let i = -4754 + 9266. What are the prime factors of i?
2, 3, 47
Suppose 2*x - 7062 = 5*a + 3013, -3*x - 3*a + 15081 = 0. List the prime factors of x.
2, 5, 503
Suppose 2*m + 1245 = o, -4*m - 2*o = -7*m - 1865. Let x = -285 - m. List the prime factors of x.
2, 5, 17
Let j(h) = -h**2 - 20*h - 67. Let w be j(-14). What are the prime factors of w/(-68) + (-378)/(-8)?
47
Let x = -11 + 15. Suppose -m = b - x*b + 12, 3*b - 21 = 4*m. Suppose -3*p + 5*t = -151, 0 = b*p - t - 105 - 38. What are the prime factors of p?
47
Let b(p) = -40*p - 20. Let j be b(-10). Let y = j + -75. What are the prime factors of y/4 - 11/44?
2, 19
List the prime factors of (-2)/(-24) - 219574860/(-4464).
2, 3, 4099
Let c(q) = -2*q**2 - 83*q + 5. Let x be c(-41). Suppose 44*f = x*f - 1370. List the prime factors of f.
5, 137
Let l(q) = q**3 - 51*q**2 + 36*q - 403. List the prime factors of l(52).
3, 13, 107
Let f(k) = 5*k - 92. Let g be f(19). Suppose 0 = -4*z + g*b + 3277, 5*z - z - b - 3279 = 0. What are the prime factors of z?
2, 5, 41
Suppose 5*g = 4*n - 48, 7*g = -5*n + 2*g + 60. Let w(x) = -n + 4*x - 6 - 6. List the prime factors of w(12).
2, 3
Let k = -20257 + 51431. List the prime factors of k.
2, 11, 13, 109
Let q = 35 + -47. Let i(p) = p**2 + 14*p - 15. Let v be i(q). Let m = v - -72. List the prime factors of m.
3, 11
Suppose 2086*v + 787 = 2087*v. List the prime factors of v.
787
Let k(a) = -2982*a + 1529. What are the prime factors of k(-4)?
13457
Let n = -7234 + 2684. Let h be (-4)/3 - 150/(-18). List the prime factors of 2/3 + (n/(-6))/h.
109
Let r = 8243 + -645. What are the prime f